Let u = 6567 + -6297. What is the greatest common factor of u and 750?
30
Suppose -1313 + 615 = -19*m + 537. Calculate the greatest common divisor of m and 1937.
13
Let l(t) = -t**2 + 6*t + 4. Let m be l(6). Suppose m*w = 3*w + 217. Calculate the greatest common divisor of w and 7.
7
Suppose 5*h - 30 = 2*s, s - 11 = -5*h + 4. Suppose g - u = 6, -2*g + 0*u = h*u. Let w = -12731 + 12737. What is the highest common factor of g and w?
2
Let h be (19 - 31)*(-2)/3. Let x be 218 + 0 - (72/(-8) + h). Suppose 4*k - 178 = q, -4*q - x = -5*k - q. What is the highest common divisor of k and 15?
15
Let l(c) = -8*c**3 + 21*c**2 + 69*c + 360. Let v be l(-6). What is the highest common factor of 480 and v?
30
Let r(i) = -3*i**2 - 28*i - 24. Suppose 99*f - 94*f + 40 = 0. Let k be r(f). Calculate the highest common factor of k and 56.
8
Suppose -3*k - 2*b + 2605 - 909 = 0, -4*k - 4*b = -2252. What is the greatest common factor of 165 and k?
15
Suppose -556 = -35*p + 284. What is the greatest common divisor of 1308 and p?
12
Let v be (6 + 21)*(-60)/(-20). What is the greatest common divisor of v and 2133?
27
Let k = -430 - -430. Suppose 5*z - 64 = -5*a + 141, k = -4*a + z + 169. What is the highest common factor of 30 and a?
6
Let a(h) = h**2 - h - 15. Let r be 14 + (2/(-2) - 2). Let b be a(r). Suppose -4*q + 47 = -29. What is the greatest common factor of b and q?
19
Let q(x) = -6*x + 46. Let a be q(7). Let b(o) = -o**3 + 9*o**2 + 2*o + 5. Let f be b(a). Calculate the highest common divisor of 31 and f.
31
Suppose 0 = 14*k - 21*k - 125 + 251. Calculate the greatest common divisor of 99 and k.
9
Suppose -12*a + 8825 = -7*a. Let m be a/12 + 56/(-672). What is the highest common factor of 84 and m?
21
Let b = -619 - -920. Let s(u) = 41*u - 27. Let j be s(1). Calculate the greatest common divisor of b and j.
7
Let r = 15 + -10. Let u(k) = 6*k**2 - 23*k + 5. Let m = -511 - -516. Let f be u(m). What is the greatest common factor of f and r?
5
Let m(c) = c**2 + 21. Let y be m(0). Suppose 0*v - 68 = -34*v. Suppose 0 = -v*z - 27 + 33. What is the highest common divisor of z and y?
3
Suppose -2842 = -55*a - 1027. Let i(y) = -y. Let c be i(-2). Suppose c*o + 2 - 3 = -k, 0 = -4*o + 5*k + 37. What is the greatest common factor of o and a?
3
Let b(x) = x**3 - 8*x**2 + 6*x + 9. Let q be b(7). Suppose 3*p - 259 = 5*d, 2*d = q*p - 4*p + 178. Calculate the greatest common factor of 33 and p.
11
Suppose -46*o = -3*g - 31*o + 303, 0 = g + 5*o - 51. What is the greatest common factor of g and 28?
4
Let j be 6 + -4 + -4 + (-3 - -3). Let l be (-389)/j - (8 + 34/(-4)). What is the greatest common factor of l and 15?
15
Let d(m) = -178*m + 2311. Let h be d(10). Calculate the greatest common divisor of h and 14160.
177
Let j = 151194 - 151179. Suppose 0 = -3*k - 15, -b - k + 65 + 90 = 0. What is the greatest common factor of b and j?
5
Let j(w) = -6*w + 54. Let u(p) = -2*p**2 - 17*p + 19. Let c be u(-9). Let x be j(c). Let q be x*1/2 + 10. What is the highest common factor of q and 56?
7
Let t be ((-6)/5)/((-14)/(37730/21)). Calculate the greatest common divisor of 6853 and t.
77
Let m(l) = 77*l**3 - 3*l**2 + l + 13. Let t be m(3). What is the greatest common divisor of t and 940?
188
Suppose 4*j - 3926 = -3*g, 2*j - 2119 + 161 = g. Suppose 0 = -3*p, -6 = -x + 3*p + 14. Calculate the highest common factor of x and j.
20
Let v = -109 + 122. Let o = -10 + v. Suppose -o*z - 45 = -u, -195 = -3*u - 2*z - z. What is the highest common factor of u and 30?
30
Suppose -c - 33 = 2*c. Let z = 5 - c. Let j be 936/z*(-2)/(-3). What is the highest common divisor of 351 and j?
39
Let t(v) = v**3 + 8*v**2 - 223*v + 119. Let j be t(-19). Calculate the highest common factor of j and 88.
11
Let v = -13207 + 13209. What is the highest common factor of v and 1105?
1
Let f be ((-4)/(-7))/(((-3)/7)/(-3)). Suppose 6*v = f*v + 48. Calculate the greatest common divisor of v and 252.
12
Suppose j - 4*x + 9*x = 22, 2*j + 8 = 3*x. Suppose 0 = 6*v - j*v - 24. Suppose 2*l = 5*c + 174, 5*c + v = 2*c. Calculate the highest common factor of l and 123.
41
Let a be (7 - 0)/((-243)/(-9234)). What is the highest common divisor of a and 608?
38
Let v be (-132548)/(-338) + 15/(1365/(-14)). What is the highest common factor of v and 406?
14
Let u(f) = -6*f**3 + 4*f**2 - 4*f - 11. Let m be u(-2). Suppose 66*o = m*o + 165. What is the greatest common factor of o and 99?
33
Suppose 10*q - 950 = -3*r + 6*q, -20 = 5*q. Suppose -6*g + 8 = -r. What is the highest common factor of g and 1045?
55
Let a be 853988/589 - ((-2)/(-76))/((-2)/8). What is the highest common divisor of 350 and a?
50
Let f be (-10)/(-4)*28/35 + 14. Suppose -5*v - f = -26. Let j be 12 + (1 + -3 - v). Calculate the highest common factor of 104 and j.
8
Suppose 8*t - 1611 - 8949 = 0. Let i be (-1 - 4/(-20))/((-3)/t). Calculate the greatest common divisor of 32 and i.
32
Let z(s) = s**2 + 13*s + 18. Let c be z(-11). Let d be ((-32)/20)/(c/10). Calculate the highest common divisor of 124 and d.
4
Suppose -38*z + 2640 = 42*z. Calculate the greatest common divisor of z and 93.
3
Suppose 19*r = 225 - 35. Let f = 20 + r. What is the highest common factor of 480 and f?
30
Let n(t) = t**3 - 7*t**2 - 15*t + 2. Let m be n(9). Suppose 0 = -8*v + 1450 + 2030. Calculate the highest common factor of m and v.
29
Let g be ((-140)/(-25) + -5)/(2/30). Suppose -2*x + 6*w = g*w - 155, 2*w + 252 = 3*x. Calculate the greatest common factor of x and 41.
41
Suppose -61*r + 6 = -64*r. Let h be (3*(-812)/(-21))/(0 - r). What is the highest common divisor of h and 29?
29
Let m(v) = v**3 - 7*v**2 + 6*v + 3. Let a be m(6). Suppose -a*p + 5 = -40. Suppose -287 = p*u - 22*u. Calculate the highest common divisor of u and 41.
41
Let w = 2934 - 2791. Calculate the highest common divisor of w and 91.
13
Suppose -44*i + 260084 = -21992 + 57280. Calculate the highest common factor of i and 156.
39
Suppose -4*z + 6*v = z - 370, 225 = 3*z - 3*v. Calculate the greatest common factor of 56 and z.
8
Let p = -8312 - -8327. Calculate the highest common divisor of 13260 and p.
15
Suppose -3*p = -f + 3*f - 63, -2*p = -3*f + 75. Calculate the greatest common divisor of 27 and f.
27
Let r(i) = 29*i - 1452. Let z be r(51). Calculate the highest common factor of 1107 and z.
27
Suppose -13607 = -7*x - 1105. What is the greatest common factor of x and 152?
38
Let v(d) = -7*d**2 - 10*d - 20. Let k(s) = s - 1. Let u(c) = 5*k(c) - v(c). Let q be u(-3). Calculate the highest common factor of q and 88.
11
Suppose -3*i + 3*s + 54 = 0, 4*s + 6 - 24 = -i. Suppose 2*o + o = 12. Let k be (9*2)/(-7 + (12 - o)). Calculate the greatest common divisor of i and k.
18
Let z be (3/(-9))/((-3)/5706). Let y = z + -621. Suppose h - c = 57, 5*h - 35 - 215 = -2*c. What is the greatest common factor of y and h?
13
Let d be (-106 + 1)*(-303)/505. What is the greatest common factor of 343 and d?
7
Suppose 0 = 6*k + 1562 - 55226. Suppose 0 = 36*g + 7*g - k. Calculate the greatest common factor of g and 13.
13
Suppose 23*l = 10429 + 5579. What is the greatest common divisor of 48 and l?
24
Suppose 0 = 1255*h - 1242*h - 5304. What is the greatest common divisor of h and 48?
24
Let y = 28283 - 28171. What is the greatest common factor of 10192 and y?
112
Let k be 14*-5*(-40)/8. Suppose 0 = z - 4*w - 156, -3*z - 5*w = -k - 135. What is the highest common factor of 40 and z?
40
Let h = 501741 - 501709. Let l be (-96)/(1/(32/(-6))). Calculate the greatest common divisor of h and l.
32
Let h be (-6)/8 - (0 - ((-12273)/(-12) + -2)). Calculate the highest common divisor of h and 60.
60
Suppose -4*o + 4785 = o + 5*t, 0 = -3*t - 15. Suppose -v - 12*v = -o. What is the greatest common divisor of v and 185?
37
Let d be 17*-6*2/(-4). Suppose -n - p + 18 = 0, 24*p - 19*p + 29 = 2*n. Calculate the highest common divisor of d and n.
17
Let u be 841 + (1 - -5) + 5. What is the greatest common divisor of 8 and u?
4
Suppose -16192 = -13*a - 3*l, -5*l = 5*a - 8*l - 6236. Calculate the greatest common divisor of 14 and a.
14
Let p(s) = -3*s - 4. Let q be p(-5). Let g = 1439 - 1395. What is the highest common factor of g and q?
11
Let c(o) = o - o**3 + 0*o**2 + 3*o + 4*o**2 + 5*o**2 - 31. Let q be c(9). Suppose -3 + 8 = q*a. Calculate the greatest common div